{"id":208,"date":"2016-10-14T14:28:58","date_gmt":"2016-10-14T14:28:58","guid":{"rendered":"http:\/\/sirkusjohanna.kajonet.fi\/?page_id=208"},"modified":"2024-07-17T22:45:14","modified_gmt":"2024-07-17T20:45:14","slug":"esitykset","status":"publish","type":"page","link":"https:\/\/sirkusjohanna.com\/index.php\/esitykset\/","title":{"rendered":"ESITYKSET"},"content":{"rendered":"<div id=\"pl-208\"  class=\"panel-layout\" ><div id=\"pg-208-0\"  class=\"panel-grid panel-has-style\" ><div class=\"siteorigin-panels-stretch panel-row-style panel-row-style-for-208-0\" data-stretch-type=\"full-stretched\" ><div id=\"pgc-208-0-0\"  class=\"panel-grid-cell\" ><div id=\"panel-208-0-0-0\" class=\"so-panel widget widget_sow-hero panel-first-child panel-last-child\" data-index=\"0\" ><div\n\t\t\t\n\t\t\tclass=\"so-widget-sow-hero so-widget-sow-hero-default-7515847024da-208 so-widget-fittext-wrapper\"\n\t\t\t data-fit-text-compressor=\"0.85\"\n\t\t>\t\t\t\t<div class=\"sow-slider-base\" style=\"display: none\" tabindex=\"0\">\n\t\t\t\t\t<ul\n\t\t\t\t\tclass=\"sow-slider-images\"\n\t\t\t\t\tdata-settings=\"{&quot;pagination&quot;:true,&quot;speed&quot;:800,&quot;timeout&quot;:8000,&quot;paused&quot;:false,&quot;pause_on_hover&quot;:false,&quot;swipe&quot;:true,&quot;nav_always_show_desktop&quot;:&quot;&quot;,&quot;nav_always_show_mobile&quot;:&quot;&quot;,&quot;breakpoint&quot;:&quot;780px&quot;,&quot;unmute&quot;:false,&quot;anchor&quot;:null}\"\n\t\t\t\t\t\t\t\t\t\tdata-anchor-id=\"\"\n\t\t\t\t>\t\t<li class=\"sow-slider-image  sow-slider-image-cover\" style=\"visibility: visible;;background-color: #333333;background-image: url(https:\/\/sirkusjohanna.com\/wp-content\/uploads\/2016\/10\/ylabanneri1.jpg)\" >\n\t\t\t\t\t<div class=\"sow-slider-image-container\">\n\t\t\t<div class=\"sow-slider-image-wrapper\">\n\t\t\t\t\t\t\t<\/div>\n\t\t<\/div>\n\t\t\t\t<\/li>\n\t\t<\/ul>\t\t\t\t<ol class=\"sow-slider-pagination\">\n\t\t\t\t\t\t\t\t\t\t\t<li><a href=\"#\" data-goto=\"0\" aria-label=\"display slide 1\"><\/a><\/li>\n\t\t\t\t\t\t\t\t\t<\/ol>\n\n\t\t\t\t<div class=\"sow-slide-nav sow-slide-nav-next\">\n\t\t\t\t\t<a href=\"#\" data-goto=\"next\" aria-label=\"next slide\" data-action=\"next\">\n\t\t\t\t\t\t<em class=\"sow-sld-icon-thin-right\"><\/em>\n\t\t\t\t\t<\/a>\n\t\t\t\t<\/div>\n\n\t\t\t\t<div class=\"sow-slide-nav sow-slide-nav-prev\">\n\t\t\t\t\t<a href=\"#\" data-goto=\"previous\" aria-label=\"previous slide\" data-action=\"prev\">\n\t\t\t\t\t\t<em class=\"sow-sld-icon-thin-left\"><\/em>\n\t\t\t\t\t<\/a>\n\t\t\t\t<\/div>\n\t\t\t\t<\/div><\/div><\/div><\/div><\/div><\/div><div id=\"pg-208-1\"  class=\"panel-grid panel-has-style\" ><div class=\"siteorigin-panels-stretch panel-row-style panel-row-style-for-208-1\" data-stretch-type=\"full\" ><div id=\"pgc-208-1-0\"  class=\"panel-grid-cell\" ><div id=\"panel-208-1-0-0\" class=\"so-panel widget widget_sow-editor panel-first-child panel-last-child\" data-index=\"1\" ><div\n\t\t\t\n\t\t\tclass=\"so-widget-sow-editor so-widget-sow-editor-base\"\n\t\t\t\n\t\t>\n<div class=\"siteorigin-widget-tinymce textwidget\">\n\t<h1>ESITYKSET<\/h1>\n<p>&nbsp;<\/p>\n<h2>SIRKUSTIKKAAT<\/h2>\n<h4>Huimaa tasapainoilua ja taiturointia sirkustikkailla. Ainutlaatuiset tikasesitykset antavat ennenn\u00e4kem\u00e4tt\u00f6mi\u00e4 el\u00e4myksi\u00e4 katsojille.<\/h4>\n<p>&nbsp;<\/p>\n<h2>YKSIPY\u00d6R\u00c4INEN<\/h2>\n<h4>Ohjelmanumerot yksipy\u00f6r\u00e4isill\u00e4 sis\u00e4lt\u00e4v\u00e4t vauhdikasta temppuilua erilaisilla yksipy\u00f6r\u00e4isill\u00e4. Esityksiss\u00e4 voit h\u00e4mm\u00e4sty\u00e4 miten mahdoton temppu tehd\u00e4\u00e4n yhdell\u00e4 py\u00f6r\u00e4ll\u00e4!<\/h4>\n<p>&nbsp;<\/p>\n<h2>PUUJALKAHAHMO<\/h2>\n<h4>N\u00e4ytt\u00e4v\u00e4 kolmimetrinen puujalkahahmo n\u00e4kyy kauas ja her\u00e4tt\u00e4\u00e4 positiivista huomiota. Puujalkahahmo sopii hyvin tapahtumiin ja tilaisuuksiin, miss\u00e4 halutaan esiintyj\u00e4n kiertelev\u00e4n yleis\u00f6n joukossa tai vastaanottamassa vieraita.<\/h4>\n<p>&nbsp;<\/p>\n<h2>QUICK-CHANGE<\/h2>\n<h4>T\u00e4m\u00e4 taikuusnumero h\u00e4mm\u00e4stytt\u00e4\u00e4 katsojat - nopeasti vaihtuvia pukuja, illuusioita ja magiaa!<\/h4>\n<p>&nbsp;<\/p>\n<h2>ILMAPALLOTAIKURI<\/h2>\n<h4>Ilmapallotaikuri toteuttaa hauskasti muotoiltuja ilmapalloja. Se on monille lapsille mieluinen lahja. Ilmapallotaikurin esiintyminen soveltuu kaiken kokoisiin tapahtumiin joko sellaisenaan tai sirkusnumeron lis\u00e4ksi. <\/h4>\n<p>&nbsp;<\/p>\n<h2>SIRKUSTY\u00d6PAJAT<\/h2>\n<h4>Johannalla on esiintymisen lis\u00e4ksi vuosien kokemus sirkusryhmien ja -ty\u00f6pajojen ohjaamisesta kaikenik\u00e4isille. Sirkusty\u00f6pajassa tutustutaan ja harjoitellaan erilaisia sirkuslajeja ik\u00e4tasoisesti. T\u00e4rkeint\u00e4 on iloinen tekeminen ja uusien asioiden kokeilu, joten aiempaa kokemusta ei tarvitse olla! Sirkusty\u00f6pajat soveltuvat monenlaisiin tapahtumiin tai juhliin, niin lapsille kuin aikuisille. <\/h4>\n<p>&nbsp;<\/p>\n<h5>Otathan yhteytt\u00e4 ja sovitaan ohjelmanumerosta tai ohjelmapaketista, mik\u00e4 parhaiten soveltuu j\u00e4rjest\u00e4m\u00e4\u00e4si tapahtumaan tai tilaisuuteen.<\/h5>\n<\/div>\n<\/div><\/div><\/div><div id=\"pgc-208-1-1\"  class=\"panel-grid-cell\" ><div id=\"panel-208-1-1-0\" class=\"so-panel widget widget_sow-image panel-first-child panel-last-child\" data-index=\"2\" ><div class=\"panel-widget-style panel-widget-style-for-208-1-1-0\" ><div\n\t\t\t\n\t\t\tclass=\"so-widget-sow-image so-widget-sow-image-default-8b5b6f678277-208\"\n\t\t\t\n\t\t>\n\n<div class=\"sow-image-container\">\n\t\t<img loading=\"lazy\" decoding=\"async\" src=\"https:\/\/sirkusjohanna.com\/wp-content\/uploads\/2016\/10\/Untitled-2.png\" width=\"342\" height=\"455\" sizes=\"(max-width: 342px) 100vw, 342px\" title=\"untitled-2\" alt=\"\" \t\tclass=\"so-widget-image\"\/>\n\t<\/div>\n\n<\/div><\/div><\/div><\/div><\/div><\/div><\/div>","protected":false},"excerpt":{"rendered":"<p>ESITYKSET &nbsp; SIRKUSTIKKAAT Huimaa tasapainoilua ja taiturointia sirkustikkailla. Ainutlaatuiset tikasesitykset antavat ennenn\u00e4kem\u00e4tt\u00f6mi\u00e4 el\u00e4myksi\u00e4 katsojille. &nbsp; YKSIPY\u00d6R\u00c4INEN Ohjelmanumerot yksipy\u00f6r\u00e4isill\u00e4 sis\u00e4lt\u00e4v\u00e4t vauhdikasta temppuilua erilaisilla yksipy\u00f6r\u00e4isill\u00e4. Esityksiss\u00e4 voit h\u00e4mm\u00e4sty\u00e4 miten mahdoton temppu tehd\u00e4\u00e4n yhdell\u00e4 py\u00f6r\u00e4ll\u00e4! &nbsp; PUUJALKAHAHMO N\u00e4ytt\u00e4v\u00e4 kolmimetrinen puujalkahahmo n\u00e4kyy kauas ja her\u00e4tt\u00e4\u00e4 positiivista huomiota. Puujalkahahmo sopii hyvin tapahtumiin ja tilaisuuksiin, miss\u00e4 halutaan esiintyj\u00e4n kiertelev\u00e4n yleis\u00f6n joukossa<a href=\"https:\/\/sirkusjohanna.com\/index.php\/esitykset\/\">[&#8230;]<\/a><\/p>\n","protected":false},"author":1,"featured_media":0,"parent":0,"menu_order":0,"comment_status":"closed","ping_status":"closed","template":"template-fullwidth-no-title.php","meta":{"_vp_format_video_url":"","_vp_image_focal_point":[],"footnotes":""},"class_list":["post-208","page","type-page","status-publish","hentry"],"jetpack_sharing_enabled":true,"_links":{"self":[{"href":"https:\/\/sirkusjohanna.com\/index.php\/wp-json\/wp\/v2\/pages\/208"}],"collection":[{"href":"https:\/\/sirkusjohanna.com\/index.php\/wp-json\/wp\/v2\/pages"}],"about":[{"href":"https:\/\/sirkusjohanna.com\/index.php\/wp-json\/wp\/v2\/types\/page"}],"author":[{"embeddable":true,"href":"https:\/\/sirkusjohanna.com\/index.php\/wp-json\/wp\/v2\/users\/1"}],"replies":[{"embeddable":true,"href":"https:\/\/sirkusjohanna.com\/index.php\/wp-json\/wp\/v2\/comments?post=208"}],"version-history":[{"count":12,"href":"https:\/\/sirkusjohanna.com\/index.php\/wp-json\/wp\/v2\/pages\/208\/revisions"}],"predecessor-version":[{"id":1258,"href":"https:\/\/sirkusjohanna.com\/index.php\/wp-json\/wp\/v2\/pages\/208\/revisions\/1258"}],"wp:attachment":[{"href":"https:\/\/sirkusjohanna.com\/index.php\/wp-json\/wp\/v2\/media?parent=208"}],"curies":[{"name":"wp","href":"https:\/\/api.w.org\/{rel}","templated":true}]}}